he remainder when (-4)/14 + 744/56 is divided by r?
1
Let v = -138 + 97. Let m = -16 - v. What is the remainder when m is divided by 13?
12
Let x = -9 - -19. Calculate the remainder when 59 is divided by x.
9
Suppose -c + 1 + 7 = 0. Suppose -18 = -6*u + 12. What is the remainder when c is divided by u?
3
Let t(m) = -m**2 - 14*m - 2. Let r be t(-14). Calculate the remainder when r/(-4) - 39/(-6) is divided by 5.
2
Let d(v) = v**2 - 10*v + 2. Calculate the remainder when d(11) is divided by 8.
5
Let g(o) = 7*o**2 + o + 1. Let z be g(2). Suppose 7 = -4*i + z. Calculate the remainder when ((-16)/(-3))/(9/27) is divided by i.
4
Suppose -5*g = 2*o - 7, g + 3 - 14 = 2*o. Let c(k) = -k**2 - 22*k + 3. What is the remainder when c(-22) is divided by g?
0
Let f(c) = 13*c**2 + 1. Let h be f(-1). Suppose -5*u - 2*d = -h, u - 12 = -0*u - 5*d. Let s = u - -1. What is the remainder when 5 is divided by s?
2
Suppose 3*q = 87 - 3. What is the remainder when 55 is divided by q?
27
Calculate the remainder when 70 is divided by (-486)/(-24) - 4/16.
10
Let c(d) = -3*d + 5. Let x(t) = -1. Let f(y) = c(y) + 4*x(y). Calculate the remainder when 51 is divided by f(-4).
12
Suppose 0*y - 54 = -3*y. Calculate the remainder when 52 is divided by y.
16
Suppose 4*t = -0*t + 20. Let s = 28 - t. What is the remainder when s is divided by 13?
10
Suppose 0 = 4*n + n + 65. Let x = 21 + -31. Let s = x - n. What is the remainder when s is divided by 1?
0
Let d = -92 - -97. What is the remainder when 1*(22 - 1/(-1)) is divided by d?
3
Let j = 14 - -3. What is the remainder when (-8)/(-3*3/36) is divided by j?
15
Suppose 0*o = 3*o - i - 130, -80 = -2*o - i. What is the remainder when o is divided by 11?
9
Let a(z) be the second derivative of z**3 + z**2/2 - 3*z. What is the remainder when 24 is divided by a(2)?
11
Suppose 5*q + 0*f - 78 = -4*f, 4*q + 4*f - 60 = 0. Let b = -1 - -8. Calculate the remainder when q is divided by b.
4
Suppose -6 = -3*l - f + 7, -2*f - 29 = -5*l. Suppose -51 = l*s - 396. What is the remainder when s is divided by 18?
15
Suppose 2*k - 4*k = -8. Suppose 12*j - 18*j = -18. Suppose -j = -p + k. What is the remainder when p is divided by 3?
1
Suppose -8*w + 3*w + 70 = 0. Suppose -8*z + 270 = -3*z. What is the remainder when z is divided by w?
12
Let x(a) = -a**2 + 4*a - 2. Let p be x(3). Let o = p - -3. Suppose 3*s - o*s = -13. Calculate the remainder when 25 is divided by s.
12
Suppose 5*r - 5 = -k, 3*k + 0*r - 5*r = 55. Calculate the remainder when 31 is divided by ((-12)/k)/((-3)/60).
15
Let w(x) = x**2 - 27*x + 79. What is the remainder when 8 is divided by w(24)?
1
Let v = 3 - -3. Let d = 131 - 127. What is the remainder when v is divided by d?
2
Suppose 8 = 4*k + 32. Let l = -3 - k. Calculate the remainder when l is divided by 3.
0
Suppose 0 = -0*b + 5*b - 95. Suppose 4*o - o + 132 = 3*n, o = 5*n - 56. Let r = o - -96. What is the remainder when r is divided by b?
17
Let k(d) = -4*d - 40. Suppose 0*u - g - 91 = -2*u, 0 = -u - 3*g + 49. What is the remainder when u is divided by k(-12)?
6
Let s be ((-11)/3)/((-7)/42). Let u be 0/(2/(-1)) - s. Let l = 63 + u. What is the remainder when l is divided by 21?
20
Suppose 0 = -5*d + 2*o - 0*o + 141, -5*d - 3*o = -126. Calculate the remainder when 102 is divided by d.
21
Suppose 0 = 3*g - 3*z - 99, 4*z + z = 2*g - 78. What is the remainder when g is divided by 11?
7
Suppose -11*h = -10*h + u, 4*h - 10 = u. Let f = -2 + 1. Let k = 0 - f. Calculate the remainder when h is divided by k.
0
Let f(v) = -5*v - 2. Let i be 0 + (-4 - 0)/2. Calculate the remainder when 31 is divided by f(i).
7
Suppose 0 = -5*t - 5*b + 313 - 53, 0 = -3*t + 2*b + 166. What is the remainder when 484 is divided by t?
52
Suppose -k - 2*k + z + 9 = 0, 3*k + 3*z - 9 = 0. Suppose -5*m + 0*d + 70 = 5*d, -k*m + 32 = d. What is the remainder when 15 is divided by m?
6
Suppose -11 = 2*h + 4*a - a, -5*h = -3*a - 25. Suppose 0 = -2*q - h*q + 8. Suppose 7*c = q*c + 185. Calculate the remainder when c is divided by 19.
18
Suppose -2*j - b = b - 2, 0 = -b. Let y(h) = h**2 - 7*h. Let v be y(7). What is the remainder when (j + 3 - 1) + v is divided by 2?
1
Let n(w) = -w**2 + 23. Suppose p = -4*p. Calculate the remainder when n(p) is divided by 8.
7
Let a = -9 + 10. Let k = a - -1. What is the remainder when 7 is divided by k?
1
Suppose -z + 19 = -0*z + 2*i, 16 = 4*i. Suppose -2*x - w = -0*w + 109, -215 = 4*x + 5*w. Let n = 87 + x. What is the remainder when n is divided by z?
10
Suppose -4*b = 5*c - 48, -3*c + 10 = -5*b - 41. Calculate the remainder when 34 is divided by c.
10
Suppose 1 + 20 = 3*g. Let s(k) = 3 + 2 - 7 + 3 - g*k. What is the remainder when s(-3) is divided by 8?
6
Let d(k) = k**2 - k + 2. What is the remainder when 20 is divided by d(3)?
4
Let c(s) = -11*s - 1. Suppose 36 = 5*a - 4*a. Suppose 0 = 2*j - 4*j + a. Calculate the remainder when j is divided by c(-1).
8
Suppose -11 = -d + 2. Suppose -x + 4*x - 111 = 0. Calculate the remainder when x is divided by d.
11
Let a = -32 + 88. Suppose -a = -2*t - 2*t. Calculate the remainder when t is divided by (24/15)/(2/10).
6
Let f = 19 + -11. Let x = f + 0. Let w = 4 + 10. What is the remainder when w is divided by x?
6
Let f = 13 - 7. Suppose 0 = f*y - 4*y - 38. Let d(h) = 2*h**2 + 4*h - 12. Calculate the remainder when d(4) is divided by y.
17
Let h(y) = -y**3 - 2*y**2 - 3*y + 3. What is the remainder when 60 is divided by h(-3)?
18
Suppose 0 = -6*x + 2*x + 16. Suppose w - b - 11 = 0, -b + 0*b = 2*w - 10. Calculate the remainder when w is divided by x.
3
Let l(s) = -s - 2. Let u be l(-8). Suppose -u*k + 0*k + 42 = 0. Calculate the remainder when 12 is divided by k.
5
Let n(z) = -4*z**2 + 33*z - 11. Let l(w) = w**2 - 8*w + 3. Let k(o) = 9*l(o) + 2*n(o). What is the remainder when k(6) is divided by 3?
2
Suppose 4*i + 13 = 5. Let d = i + 12. Calculate the remainder when 19 is divided by d.
9
Suppose 10*c = 5*c - 35. Let k = c - -26. Calculate the remainder when k is divided by 11.
8
Let p = -1 + 1. Suppose p*d - 6 = -3*d. Suppose -d*v + 0*v = -14. Calculate the remainder when 12 is divided by v.
5
Let x(n) = 0*n**3 - n + 0*n - 4 - 2*n**3 - 4*n**2. Let s be (2 + -1)/((-2)/6). What is the remainder when x(s) is divided by 6?
5
Calculate the remainder when 4 - 1 - 4*-15 is divided by 13.
11
Let l = 7 - 3. Suppose 50 = s + 4*s. What is the remainder when s is divided by l?
2
Suppose -4*w + 14 = -6. Suppose -w*o + 1 = -4*o. Calculate the remainder when (-9)/(o + 10/(-4)) is divided by 2.
0
Let f(q) = 3*q**2 - 2*q + 4. Let l be f(2). Calculate the remainder when 3 is divided by ((-3)/(-9))/(2/l).
1
Let m = -39 - -57. Suppose 4*c - m + 2 = -3*i, i - 2*c - 22 = 0. Calculate the remainder when 44 is divided by i.
8
Let d = 25 + -15. What is the remainder when d is divided by 7?
3
Suppose 2*j - 3*r - 7 = -4*r, -3*r = -2*j + 11. Suppose 2*c - 5*d = 2, -j*c + 12 = -c - 3*d. Calculate the remainder when 21 is divided by c.
3
Let d(p) = p**2 + 16*p - 13. Calculate the remainder when 14 is divided by d(-17).
2
Calculate the remainder when 23 - (-4 + -3 - -4) is divided by 17.
9
Suppose -4*k = -k. Suppose k = a - 5 + 2. What is the remainder when (-11)/(2 - a - 0) is divided by 6?
5
Suppose 0 = 4*d - 3 - 5. Calculate the remainder when 10 is divided by (-4)/d + 2 - -4.
2
Suppose -5*r = -l - 340, -5*l - 315 = -5*r + 45. What is the remainder when r is divided by 10?
7
Let y = 26 - 20. Let o be (-2)/(-8) + (-11)/(-4). Suppose -16 = 5*s + 2*i - 96, -o*i - 48 = -3*s. What is the remainder when s is divided by y?
4
Suppose 4*i - 26 = 3*s, -3*s + s - 3*i + 11 = 0. Let t = 76 - 47. Calculate the remainder when t is divided by s + 40/2 + -3.
14
Suppose -10*h - 4*h + 476 = 0. Suppose 3*y - 1 = 26. Calculate the remainder when h is divided by y.
7
Suppose 3*t + 5 = 4*t. Let w(k) = k**2 - 3*k - 1. What is the remainder when w(-3) is divided by t?
2
Let a(x) = -x + 21. Calculate the remainder when 73 is divided by a(2).
16
Suppose 0 = -3*o - 3*c + 6, -o - 4 + 6 = 3*c. What is the remainder when (-6 - -5)/(4 + (-45)/10) is divided by o?
0
Suppose 4*s = -7 + 3, 2*w - 2*s = 8. What is the remainder when 10 is divided by w?
1
Let o be 5*(9/(-15))/(-3). Let u = -1 + o. Suppose -3*y = -n + 8, u*n + 4*n = 5*y + 39. What is the re